 remainder when 37 is divided by c?
7
Let b be -6*80/(-12) + -1. Suppose -38*u + b*u - 63 = 0. What is the remainder when u is divided by 13?
11
Let s be ((-72)/16)/((-3)/1216). Calculate the remainder when s/(-240)*(-18 + -2) is divided by 49.
5
Let g be -2 - 2*12/(-6). Suppose 4*s - 98 = -g*q, -17*q + 19*q = -10. Calculate the remainder when s is divided by 6.
3
Suppose 260*d = 321*d - 6344. Calculate the remainder when 1844 is divided by d.
76
Let l be 35*((-78)/(-42) + 1). What is the remainder when 113 is divided by 168/(-10)*(10 - l/8)?
29
Suppose 4*a + 2*m + 973 = a, -4*a - 2*m = 1300. Calculate the remainder when a/(-6) + 2/4 is divided by 15.
10
Suppose -15*y + 28 = -11*y. Suppose 4*c - 1 - 7 = 0, -k = c - 5. Suppose -5*j = 20 + 5, -5*d + k*j + 150 = 0. Calculate the remainder when d is divided by y.
6
Let p = -96 - -120. What is the remainder when 45 is divided by (-776)/(-64) - 3/p?
9
Suppose -142 = -2*o - 3*v, 2*o - v - 93 = 33. Let f = 84 - o. What is the remainder when f is divided by 10?
9
Suppose 0 = 7*k - 14*k + 35. Suppose a - r - 840 = -77, k*r + 759 = a. What is the remainder when a is divided by 59?
56
Calculate the remainder when 487 is divided by (12/(-48))/((-2)/(-28))*(0 - 10).
32
Let i(f) = f**3 - 13*f**2 + 5*f + 53. Let h be i(12). Let k = h + 34. Let u = 41 + -33. What is the remainder when u is divided by k?
2
Let o = -790 + 935. Suppose -h - 4*p = -33, -4*p + 9*p = -h + 29. Calculate the remainder when (-2*(-1)/2)/(1/o) is divided by h.
47
Let q(v) = -21*v - 144. Let f(n) = -n. Let i(j) = 18*f(j) - q(j). What is the remainder when 52 is divided by i(-42)?
16
Suppose 2*a + p - 35 - 13 = 0, p = -a + 22. What is the remainder when 128 is divided by a?
24
Let j(b) = -2*b + 24. Let h be j(-17). Let d = h - 53. Suppose 0 = 3*t, 2*y = -d*t + 8 - 0. Calculate the remainder when 7 is divided by y.
3
Let v(h) = -3*h**2 + 409*h + 2849. Calculate the remainder when v(139) is divided by 92.
81
Let n = -55 + 57. Suppose 2*p - 3*p = n*p. Suppose -3*h - 312 = -4*q, p = 2*q - 3*h - 0*h - 156. Calculate the remainder when q is divided by 20.
18
Let u = -130 - -134. Suppose -b - u = -22. What is the remainder when 66 is divided by b?
12
Suppose 4064*r + 27339 = 4103*r. Let k(w) = w**2 - 3*w + 8. What is the remainder when r is divided by k(6)?
25
Suppose -31*f = -34*f - 6. Let q be (-3)/18*3*f. What is the remainder when 39 is divided by (16 + -1)*q/(3/2)?
9
Suppose 2*k = -4, 2*j + 3*k - 48 = -0*k. Let p(t) = -6*t**3 + t**2 - t. Let i be p(1). What is the remainder when (-474)/(-9) - i/(-9) is divided by j?
25
Let j = -104 + 156. What is the remainder when (j/10)/((-20)/(-100)) is divided by 16?
10
Suppose -81 + 109 = u - 2*v, 5*u - 158 = 4*v. What is the remainder when 428 is divided by u?
20
Suppose -i + 5*s = -24, 0 = -5*i + 4*s - 7*s + 36. Calculate the remainder when 138 is divided by ((-42)/(-21) - (i + 0))*-4.
26
Suppose -4*o + 536 = -0*o. Calculate the remainder when o is divided by 15 + 14 + 32 + -27.
32
Let p(u) = -2*u**2 + 32*u + 30. What is the remainder when p(12) is divided by 26?
22
Suppose -a - 16 = -5*o, -2*a + o - 1 + 5 = 0. Suppose -a*d = -41 - 43. Suppose -5*p - d + 111 = 0. What is the remainder when 53 is divided by p?
17
Let w = 108 + 29. Let s = 128 - 62. Let p = w - s. Calculate the remainder when p is divided by 18.
17
Calculate the remainder when 472 is divided by (1/(-2) + 2)/((-153)/(-27234)).
205
Let i(b) = -7*b**3 - 204*b**2 - 21*b + 243. Calculate the remainder when 533 is divided by i(-29).
5
Let k = 31 + -45. Let h(j) = -j**3 - 11*j**2 + 13*j - 32. Calculate the remainder when h(k) is divided by 47.
45
Let b = -109 - -107. Calculate the remainder when 391 is divided by 8*b/(-12)*-42*-1.
55
Suppose -2138*m + 361 = g - 2140*m, 5*g - 1733 = -2*m. What is the remainder when g is divided by 98?
55
Calculate the remainder when ((-188)/(-235))/(3/(-45)) + 296 is divided by 253.
31
Suppose 9 = -4*l + 17. Suppose -5*z + 23 = -4*t, 0*t - 10 = -l*z + 2*t. Suppose 5*s - 22 = -3*x, 5 = z*s - 1. Calculate the remainder when 14 is divided by x.
2
Suppose -490 = -24*t + 302. Suppose 38*i - t*i = 170. What is the remainder when 110 is divided by i?
8
Let w(i) = 12*i + 2579. Calculate the remainder when w(54) is divided by 14.
7
Let k(p) = 82*p + 18. Calculate the remainder when 2209 is divided by k(0).
13
Let s = 6 + -4. Let n be 0/s - (83 + 11). Let m = n + 156. Calculate the remainder when m is divided by 33.
29
Let x(w) = 6*w**2 - 1. Let j be x(1). Let i(o) = 2*o + 5. Let t be i(-3). What is the remainder when 27 is divided by 17 - (j + t + -1)?
13
Suppose 546*g + 851 = 458*g + 12731. Calculate the remainder when 442 is divided by g.
37
Let i(f) = 347*f - 2648. Calculate the remainder when 349 is divided by i(8).
93
Calculate the remainder when (-93)/(-1395) - 81688/(-30) is divided by 302.
5
Let j = -25969 - -26343. What is the remainder when j is divided by 132?
110
Suppose -39*k + 6004 = -38*k + 78*k. What is the remainder when 374 is divided by k?
70
Let k = -10 - -10. Let u(m) be the first derivative of m**4/4 - m**3/3 - m**2 + 14*m + 17. What is the remainder when u(k) is divided by 6?
2
Let v(j) = 6*j - 208. Suppose 20*m = -30 + 950. Calculate the remainder when v(m) is divided by 18.
14
Let z be (7/14)/(2/148). Suppose 4*s - z = 19. Let o = 61 - s. What is the remainder when o is divided by 17?
13
Suppose -g = 2*k - 349, -3*k - 37*g = -35*g - 520. What is the remainder when k is divided by 165?
13
Let r = 242 + -239. Suppose -b - 4*g = -2*b + 77, -r*g = 0. Calculate the remainder when 384 is divided by b.
76
Let f be (12/60 + (-2)/10)/2. Suppose 6 = 3*h - f. Suppose -t - t = -5*k + 1, h*t + 2*k - 34 = 0. What is the remainder when 214 is divided by t?
10
Let n(g) = 9*g + 104. Let o(v) = -11*v - 104. Let x(j) = 4*n(j) + 3*o(j). Calculate the remainder when 61 is divided by x(-33).
1
Suppose 0 = -8*c - 110 + 110. Suppose 0 = -d + o - 4*o + 20, c = d - o - 4. Calculate the remainder when 37 is divided by d.
5
Let h(s) = -2*s**3 + 8*s**2 + 51*s - 24. Calculate the remainder when 73 is divided by h(7).
34
Let l be (-92)/16 + (-3)/12. Let f be l/14 + (-9)/(-21). Suppose -2*r + r + 33 = f. Calculate the remainder when r is divided by 7.
5
Let m(g) = g**2 - 6*g - 273. Calculate the remainder when m(26) is divided by 2556/51 + 2/(-17).
47
Let u(n) = 8*n**2 - 210*n + 617. Calculate the remainder when 977 is divided by u(3).
33
Suppose -y - 314 = 7*l - 5*l, 0 = -l - 2*y - 157. Let j = 196 + l. Calculate the remainder when j is divided by 12.
3
Let i = 395 + -150. Suppose -65 = -5*q + i. Calculate the remainder when q is divided by (-1)/(-2*1/32).
14
Let i(r) = 243 - 9*r - 7*r + 15 + 0*r. What is the remainder when i(10) is divided by 49?
0
Calculate the remainder when 673 is divided by (-819)/84*32/(-12).
23
Suppose 12 = 44*b - 41*b. Suppose 4*k + b*m - 33 = 151, 2*k - 5*m = 99. Let v(p) = p + 19. Calculate the remainder when k is divided by v(-7).
11
Suppose 0 = -5*a - 70 + 90, 2*y - 4*a = 2800. What is the remainder when y is divided by 15?
13
Let d(o) = o**3 - 26*o**2 + 26*o - 2. Let n be d(25). Let l(q) = -q + 59. Calculate the remainder when 64 is divided by l(n).
28
Let p = 794 - 1335. Let f = -513 - p. Calculate the remainder when 150 is divided by f.
10
Let l = 134 - 134. Suppose -8*f + 5*f = 5*n - 32, l = -2*n - 2*f + 16. Calculate the remainder when 57 is divided by n.
1
Let h(l) = l + 18. Let p be h(-16). Let a(d) = -p + 4*d - 21*d + 2*d. What is the remainder when a(-2) is divided by 5?
3
Let d(t) = t**2 + 2*t - 6. Let q(i) = 5*i**2 + i + 1. Let z be q(-1). What is the remainder when 113 is divided by d(z)?
26
Let p(d) = 11392*d + 68397. Suppose -2*q - a = -30, 3*a = -q + 2*a + 17. Calculate the remainder when p(-6) is divided by q.
6
Suppose -10*i + 584 = -2*i. Let q = i - 38. What is the remainder when q is divided by 6?
5
Let z = 194 - 173. What is the remainder when (-12 - -215)*18/z is divided by 11?
9
Let f(c) = -c**3 + 46*c**2 - c + 140. What is the remainder when 1393 is divided by f(0)?
133
Let a(u) = 10*u**2 + 24*u - 191. What is the remainder when 1961 is divided by a(5)?
171
Let d(i) = 16*i**2 - 1042*i - 16. Calculate the remainder when 3129 is divided by d(68).
17
What is the remainder 